to base 9.
-7
What is -2 (base 3) in base 5?
-2
-128 (base 11) to base 10
-151
-2 (base 4) to base 5
-2
22 (base 3) to base 16
8
Convert -103 (base 4) to base 13.
-16
-1d (base 16) to base 3
-1002
3 (base 11) to base 13
3
What is 6 (base 9) in base 7?
6
Convert -110 (base 7) to base 2.
-111000
-432 (base 5) to base 8
-165
What is -20 (base 5) in base 16?
-a
16 (base 10) to base 5
31
What is 3 (base 5) in base 9?
3
Convert -1 (base 3) to base 9.
-1
Convert -a (base 11) to base 12.
-a
What is -29 (base 16) in base 2?
-101001
What is 2 (base 10) in base 15?
2
-6 (base 8) to base 4
-12
Convert -2d (base 15) to base 11.
-3a
-10102 (base 3) to base 10
-92
What is 3 (base 6) in base 8?
3
-7 (base 10) to base 2
-111
11 (base 12) to base 3
111
Convert -1 (base 6) to base 11.
-1
-5 (base 11) to base 9
-5
Convert -1 (base 8) to base 9.
-1
What is -5 (base 15) in base 2?
-101
-4 (base 15) to base 3
-11
-199 (base 15) to base 14
-1c5
Convert -1 (base 6) to base 8.
-1
Convert -18 (base 9) to base 15.
-12
What is 216 (base 9) in base 11?
151
-205 (base 9) to base 13
-cb
What is 23 (base 4) in base 9?
12
Convert 12 (base 9) to base 6.
15
Convert 1 (base 10) to base 13.
1
What is -2 (base 7) in base 15?
-2
What is 1 (base 7) in base 9?
1
-4 (base 7) to base 3
-11
Convert -1 (base 2) to base 12.
-1
2 (base 6) to base 7
2
What is 1113 (base 4) in base 6?
223
33 (base 4) to base 5
30
Convert 2 (base 6) to base 14.
2
2 (base 7) to base 13
2
What is 5 (base 7) in base 14?
5
Convert -4d (base 16) to base 3.
-2212
Convert 0 (base 16) to base 2.
0
What is -12 (base 6) in base 9?
-8
What is -4 (base 12) in base 10?
-4
1040 (base 6) to base 13
156
3 (base 7) to base 5
3
64 (base 14) to base 2
1011000
-13 (base 12) to base 5
-30
Convert -2 (base 9) to base 5.
-2
-110 (base 3) to base 7
-15
Convert 2 (base 6) to base 7.
2
What is 0 (base 12) in base 5?
0
Convert 6 (base 13) to base 11.
6
0 (base 3) to base 2
0
Convert 44 (base 13) to base 11.
51
Convert 2 (base 13) to base 10.
2
What is 4 (base 11) in base 15?
4
Convert -1010 (base 2) to base 15.
-a
What is -106 (base 13) in base 6?
-451
Convert -44 (base 8) to base 16.
-24
What is -2 (base 11) in base 2?
-10
Convert -20 (base 16) to base 9.
-35
0 (base 14) to base 9
0
What is -20020 (base 3) in base 5?
-1133
What is 2 (base 8) in base 16?
2
Convert 13 (base 6) to base 13.
9
-5 (base 12) to base 9
-5
What is -1b (base 12) in base 13?
-1a
Convert 19 (base 10) to base 9.
21
What is 2 (base 16) in base 14?
2
10101 (base 3) to base 16
5b
Convert 150 (base 8) to base 7.
206
Convert 57 (base 8) to base 12.
3b
-1a (base 14) to base 9
-26
-10 (base 8) to base 4
-20
What is -6 (base 16) in base 5?
-11
Convert -1 (base 15) to base 8.
-1
What is -11 (base 3) in base 14?
-4
Convert a (base 15) to base 4.
22
-3a (base 15) to base 12
-47
What is -f (base 16) in base 9?
-16
What is -1110 (base 2) in base 12?
-12
What is -52 (base 9) in base 7?
-65
What is 27 (base 8) in base 12?
1b
What is -1331 (base 4) in base 8?
-175
Convert -25 (base 9) to base 12.
-1b
Convert -22 (base 3) to base 9.
-8
Convert 6 (base 13) to base 15.
6
What is 1 (base 7) in base 10?
1
What is -2 (base 5) in base 3?
-2
What is 1000 (base 2) in base 5?
13
-1c (base 16) to base 7
-40
Convert -1122 (base 3) to base 12.
-38
3 (base 14) to base 13
3
What is -3 (base 14) in base 16?
-3
101 (base 2) to base 9
5
-21 (base 5) to base 6
-15
What is -c (base 13) in base 16?
-c
What is -b (base 15) in base 4?
-23
4 (base 12) to base 11
4
Convert -4 (base 7) to base 15.
-4
Convert -202 (base 3) to base 15.
-15
What is -25 (base 6) in base 14?
-13
-12 (base 9) to base 16
-b
Convert 1 (base 7) to base 6.
1
6 (base 10) to base 16
6
Convert -1 (base 5) to base 3.
-1
Convert 32 (base 5) to base 14.
13
47 (base 8) to base 12
33
What is -3 (base 7) in base 8?
-3
What is 15 (base 11) in base 4?
100
-135 (base 6) to base 4
-323
3 (base 15) to base 16
3
-4 (base 8) to base 4
-10
Convert 2 (base 9) to base 16.
2
Convert 10 (base 4) to base 12.
4
Convert 12 (base 6) to base 8.
10
1011 (base 2) to base 13
b
What is 13 (base 6) in base 15?
9
Convert -15 (base 6) to base 10.
-11
What is -14 (base 9) in base 14?
-d
-12 (base 4) to base 12
-6
-4 (base 6) to base 10
-4
Convert -3 (base 5) to base 2.
-11
What is -1 (base 5) in base 11?
-1
Convert 410 (base 5) to base 16.
69
-99 (base 12) to base 11
-a7
What is -1 (base 3) in base 11?
-1
What is 314 (base 6) in base 11?
a8
Convert 4 (base 10) to base 16.
4
Convert -120 (base 7) to base 12.
-53
What is -a0 (base 14) in base 11?
-118
Convert -312 (base 4) to base 15.
-39
10 (base 4) to base 11
4
What is 6 (base 8) in base 15?
6
What is 5 (base 14) in base 2?
101
-9 (base 16) to base 2
-1001
What is 11 (base 2) in base 5?
3
-21 (base 8) to base 5
-32
Convert 13 (base 5) to base 14.
8
Convert -125 (base 9) to base 13.
-80
Convert 2 (base 5) to base 9.
2
What is -3 (base 4) in base 6?
-3
Convert 0 (base 16) to base 2.
0
-34 (base 11) to base 9
-41
What is 18 (base 11) in base 2?
10011
64 (base 13) to base 7
145
-2 (base 8) to base 11
-2
Convert 35 (base 6) to base 14.
19
Convert 1302 (base 4) to base 6.
310
Convert -3 (base 14) to base 6.
-3
-9 (base 10) to base 2
-1001
Convert -2000 (base 3) to base 2.
-110110
Convert -1 (base 13) to base 16.
-1
-11 (base 15) to base 16
-10
Convert -5 (base 11) to base 12.
-5
101 (base 4) to base 6
25
Convert 7 (base 16) to base 9.
7
Convert -20 (base 11) to base 6.
-34
Convert 5 (base 9) to base 14.
5
Convert -3 (base 6) to base 12.
-3
Convert 156 (base 14) to base 10.
272
1 (base 10) to base 8
1
Convert -6 (base 11) to base 2.
-110
Convert 100010100 (base 2) to base 4.
10110
What is -22 (base 3) in base 4?
-20
What is 3 (base 9) in base 11?
3
Convert -14 (base 14) to base 9.
-20
Convert 11110 (base 2) to base 15.
20
What is 17 (base 14) in base 15?
16
What is 14 (base 15) in base 11?
18
What is -25 (base 10) in base 11?
-23
What is -c3 (base 14) in base 2?
-10101011
What is -69 (base 11) in base 7?
-135
Convert -4 (base 9) to base 16.
-4
What is 231 (base 11) in base 16?
114
Convert -424 (base 5) to base 9.
-136
b (base 13) to base 6
15
What is -221 (base 5) in base 10?
-61
Convert 200 (base 4) to base 10.
32
Convert d4 (base 16) to base 13.
134
What is 5 (base 6) in base 15?
5
1001011 (base 2) to base 16
4b
What is 1 (base 2) in base 12?
1
-4 (base 7) to base 14
-4
5 (base 8) to base 15
5
Convert -523 (base 6) to base 8.
-303
Convert 6 (base 11) to base 7.
6
10 (base 3) to base 11
3
Convert 9 (base 12) to base 6.
13
11d (base 15) to base 7
511
11 (base 7) to base 6
12
Convert -d (base 16) to base 12.
-11
-10 (base 7) to base 12
-7
-1 (base 2) to base 7
-1
Convert -68 (base 15) to base 10.
-98
-133 (base 4) to base 8
-37
-100 (base 6) to base 10
-36
What is 6b (base 15) in base 7?
203
What is 201 (base 11) in base 13?
159
Convert 9 (base 14) to base 2.
1001
-15 (base 10) to base 13
-12
Convert -1 (base 10) to base 2.
-1
What is -2 (base 3) in base 16?
-2
What is 20 (base 6) in base 2?
1100
Convert -36 (base 8) to base 7.
-42
Convert 26 (base 7) to base 8.
24
What is 13 (base 10) in base 13?
10
What is -3 (base 4) in base 10?
-3
3 (base 4) to base 15
3
What is 15 (base 6) in base 14?
b
Convert 3 (base 14) to base 10.
3
What is 4 (base 14) in base 15?
4
What is 115 (base 6) in base 8?
57
-2 (base 6) to base 11
-2
Convert 41 (base 7) to base 11.
27
Convert -1 (base 3) to base 6.
-1
What is -8 (base 13) in base 16?
-8
What is 61 (base 15) in base 14?
67
What is 3 (base 16) in base 7?
3
What is -6 (base 15) in base 14?
-6
What is -111 (base 2) in base 13?
-7
Convert 1 (base 2) to base 5.
1
Convert 11 (base 7) to base 13.
8
-13 (base 5) to base 9
-8
What is -320 (base 4) in base 10?
-56
Convert -2101 (base 4) to base 3.
-12101
What is -43 (base 11) in base 4?
-233
-147 (base 8) to base 4
-1213
Convert 52 (base 9) to base 12.
3b
What is 10011110 (base 2) in base 11?
134
202 (base 3) to base 13
17
What is -64 (base 7) in base 16?
-2e
Convert 0 (base 13) to base 6.
0
What is -376 (base 8) in base 12?
-192
-6 (base 8) to base 15
-6
Convert -101000 (base 2) to base 16.
-28
Convert 1400 (base 5) to base 12.
169
Convert -521 (base 7) to base 9.
-318
Convert -2 (base 16) to base 10.
-2
What is -263 (base 11) in base 6?
-1235
